[INFO] fetching crate cargo-spellcheck 0.12.3...
[INFO] checking cargo-spellcheck-0.12.3 against master#9610dfe5a9a731ced1ea4923ecbd0c57fe367898 for beta-170-4
[INFO] extracting crate cargo-spellcheck 0.12.3 into /workspace/builds/worker-7-tc1/source
[INFO] validating manifest of crates.io crate cargo-spellcheck 0.12.3 on toolchain 9610dfe5a9a731ced1ea4923ecbd0c57fe367898
[INFO] running `Command { std: CARGO_HOME="/workspace/cargo-home" RUSTUP_HOME="/workspace/rustup-home" "/workspace/cargo-home/bin/cargo" "+9610dfe5a9a731ced1ea4923ecbd0c57fe367898" "metadata" "--manifest-path" "Cargo.toml" "--no-deps", kill_on_drop: false }`
[INFO] started tweaking crates.io crate cargo-spellcheck 0.12.3
[INFO] removed 0 missing tests
[INFO] finished tweaking crates.io crate cargo-spellcheck 0.12.3
[INFO] tweaked toml for crates.io crate cargo-spellcheck 0.12.3 written to /workspace/builds/worker-7-tc1/source/Cargo.toml
[INFO] crate crates.io crate cargo-spellcheck 0.12.3 already has a lockfile, it will not be regenerated
[INFO] running `Command { std: CARGO_HOME="/workspace/cargo-home" RUSTUP_HOME="/workspace/rustup-home" "/workspace/cargo-home/bin/cargo" "+9610dfe5a9a731ced1ea4923ecbd0c57fe367898" "fetch" "--manifest-path" "Cargo.toml", kill_on_drop: false }`
[INFO] [stderr]     Updating crates.io index
[INFO] [stderr]  Downloading crates ...
[INFO] [stderr]   Downloaded fs-err v2.9.0
[INFO] [stderr]   Downloaded rustc-ap-rustc_lexer v725.0.0
[INFO] [stderr]   Downloaded ra_ap_stdx v0.0.138
[INFO] [stderr]   Downloaded ra_ap_text_edit v0.0.138
[INFO] [stderr]   Downloaded ra_ap_syntax v0.0.138
[INFO] [stderr]   Downloaded miow v0.4.0
[INFO] [stderr]   Downloaded windows_x86_64_msvc v0.28.0
[INFO] [stderr]   Downloaded ra_ap_profile v0.0.138
[INFO] [stderr]   Downloaded perf-event v0.4.8
[INFO] [stderr]   Downloaded drop_bomb v0.1.5
[INFO] [stderr]   Downloaded ra_ap_la-arena v0.0.138
[INFO] [stderr]   Downloaded perf-event-open-sys v4.0.0
[INFO] [stderr]   Downloaded clap-verbosity-flag v2.0.0
[INFO] [stderr]   Downloaded clap_complete v4.0.5
[INFO] [stderr]   Downloaded hyper-rustls v0.23.1
[INFO] [stderr]   Downloaded nlprule-build v0.6.4
[INFO] [stderr]   Downloaded rayon-cond v0.1.0
[INFO] [stderr]   Downloaded hunspell-rs v0.4.0
[INFO] [stderr]   Downloaded srx v0.1.3
[INFO] [stderr]   Downloaded nlprule v0.6.4
[INFO] [stderr]   Downloaded fd-lock v3.0.8
[INFO] [stderr]   Downloaded io-lifetimes v1.0.1
[INFO] [stderr]   Downloaded smol_str v0.1.23
[INFO] [stderr]   Downloaded cov-mark v2.0.0-pre.1
[INFO] [stderr]   Downloaded cargo_toml v0.13.0
[INFO] [stderr]   Downloaded ra_ap_limit v0.0.138
[INFO] [stderr]   Downloaded fancy-regex v0.5.0
[INFO] [stderr]   Downloaded doc-chunks v0.0.5
[INFO] [stderr]   Downloaded ra_ap_parser v0.0.138
[INFO] [stderr]   Downloaded iso_country v0.1.4
[INFO] [stderr]   Downloaded rustix v0.36.3
[INFO] [stderr]   Downloaded hunspell-sys v0.3.1
[INFO] [stderr]   Downloaded windows_i686_msvc v0.28.0
[INFO] [stderr]   Downloaded windows_aarch64_msvc v0.28.0
[INFO] [stderr]   Downloaded windows_x86_64_gnu v0.28.0
[INFO] [stderr]   Downloaded windows_i686_gnu v0.28.0
[INFO] [stderr]   Downloaded isolang v2.2.0
[INFO] [stderr]   Downloaded windows-sys v0.28.0
[INFO] running `Command { std: "docker" "create" "-v" "/var/lib/crater-agent-workspace/builds/worker-7-tc1/target:/opt/rustwide/target:rw,Z" "-v" "/var/lib/crater-agent-workspace/builds/worker-7-tc1/source:/opt/rustwide/workdir:ro,Z" "-v" "/var/lib/crater-agent-workspace/cargo-home:/opt/rustwide/cargo-home:ro,Z" "-v" "/var/lib/crater-agent-workspace/rustup-home:/opt/rustwide/rustup-home:ro,Z" "-e" "SOURCE_DIR=/opt/rustwide/workdir" "-e" "CARGO_TARGET_DIR=/opt/rustwide/target" "-e" "CARGO_HOME=/opt/rustwide/cargo-home" "-e" "RUSTUP_HOME=/opt/rustwide/rustup-home" "-w" "/opt/rustwide/workdir" "-m" "1610612736" "--user" "0:0" "--network" "none" "ghcr.io/rust-lang/crates-build-env/linux@sha256:19e73879b68f455e41552ea35293514db52ea292d993f571636dbffedb77a1ee" "/opt/rustwide/cargo-home/bin/cargo" "+9610dfe5a9a731ced1ea4923ecbd0c57fe367898" "metadata" "--no-deps" "--format-version=1", kill_on_drop: false }`
[INFO] [stdout] 86fe637e6bb868c87716e04b4a555531307bf72c9aa0dc52d894c6e76251572f
[INFO] running `Command { std: "docker" "start" "-a" "86fe637e6bb868c87716e04b4a555531307bf72c9aa0dc52d894c6e76251572f", kill_on_drop: false }`
[INFO] running `Command { std: "docker" "inspect" "86fe637e6bb868c87716e04b4a555531307bf72c9aa0dc52d894c6e76251572f", kill_on_drop: false }`
[INFO] running `Command { std: "docker" "rm" "-f" "86fe637e6bb868c87716e04b4a555531307bf72c9aa0dc52d894c6e76251572f", kill_on_drop: false }`
[INFO] [stdout] 86fe637e6bb868c87716e04b4a555531307bf72c9aa0dc52d894c6e76251572f
[INFO] running `Command { std: "docker" "create" "-v" "/var/lib/crater-agent-workspace/builds/worker-7-tc1/target:/opt/rustwide/target:rw,Z" "-v" "/var/lib/crater-agent-workspace/builds/worker-7-tc1/source:/opt/rustwide/workdir:ro,Z" "-v" "/var/lib/crater-agent-workspace/cargo-home:/opt/rustwide/cargo-home:ro,Z" "-v" "/var/lib/crater-agent-workspace/rustup-home:/opt/rustwide/rustup-home:ro,Z" "-e" "SOURCE_DIR=/opt/rustwide/workdir" "-e" "CARGO_TARGET_DIR=/opt/rustwide/target" "-e" "CARGO_INCREMENTAL=0" "-e" "RUST_BACKTRACE=full" "-e" "RUSTFLAGS=--cap-lints=forbid" "-e" "RUSTDOCFLAGS=--cap-lints=forbid" "-e" "CARGO_HOME=/opt/rustwide/cargo-home" "-e" "RUSTUP_HOME=/opt/rustwide/rustup-home" "-w" "/opt/rustwide/workdir" "-m" "1610612736" "--user" "0:0" "--network" "none" "ghcr.io/rust-lang/crates-build-env/linux@sha256:19e73879b68f455e41552ea35293514db52ea292d993f571636dbffedb77a1ee" "/opt/rustwide/cargo-home/bin/cargo" "+9610dfe5a9a731ced1ea4923ecbd0c57fe367898" "check" "--frozen" "--all" "--all-targets" "--message-format=json", kill_on_drop: false }`
[INFO] [stdout] b081b414a877f0bc69464087744a7e3b5dd0359d59bb2c63e9e58e4eb3408c5d
[INFO] running `Command { std: "docker" "start" "-a" "b081b414a877f0bc69464087744a7e3b5dd0359d59bb2c63e9e58e4eb3408c5d", kill_on_drop: false }`
[INFO] [stderr]    Compiling proc-macro2 v1.0.47
[INFO] [stderr]    Compiling unicode-ident v1.0.5
[INFO] [stderr]    Compiling quote v1.0.21
[INFO] [stderr]    Compiling syn v1.0.103
[INFO] [stderr]    Compiling autocfg v1.1.0
[INFO] [stderr]    Compiling serde v1.0.147
[INFO] [stderr]    Compiling serde_derive v1.0.147
[INFO] [stderr]    Compiling memchr v2.5.0
[INFO] [stderr]    Compiling libc v0.2.137
[INFO] [stderr]    Compiling cc v1.0.77
[INFO] [stderr]    Compiling cfg-if v1.0.0
[INFO] [stderr]    Compiling version_check v0.9.4
[INFO] [stderr]    Compiling pkg-config v0.3.26
[INFO] [stderr]    Compiling crossbeam-utils v0.8.14
[INFO] [stderr]    Compiling log v0.4.17
[INFO] [stderr]    Compiling memoffset v0.7.1
[INFO] [stderr]    Compiling crossbeam-epoch v0.9.13
[INFO] [stderr]     Checking once_cell v1.16.0
[INFO] [stderr]    Compiling itoa v1.0.4
[INFO] [stderr]    Compiling rayon-core v1.10.1
[INFO] [stderr]    Compiling slab v0.4.7
[INFO] [stderr]    Compiling futures-task v0.3.25
[INFO] [stderr]    Compiling num_cpus v1.14.0
[INFO] [stderr]    Compiling aho-corasick v0.7.20
[INFO] [stderr]    Compiling pin-project-lite v0.2.9
[INFO] [stderr]    Compiling regex-syntax v0.6.28
[INFO] [stderr]    Compiling thiserror v1.0.37
[INFO] [stderr]    Compiling futures-core v0.3.25
[INFO] [stderr]    Compiling ryu v1.0.11
[INFO] [stderr]    Compiling bytes v1.3.0
[INFO] [stderr]    Compiling unicase v2.6.0
[INFO] [stderr]    Compiling lock_api v0.4.9
[INFO] [stderr]    Compiling tokio v1.22.0
[INFO] [stderr]    Compiling serde_json v1.0.89
[INFO] [stderr]    Compiling parking_lot_core v0.9.4
[INFO] [stderr]    Compiling spin v0.5.2
[INFO] [stderr]    Compiling untrusted v0.7.1
[INFO] [stderr]    Compiling mio v0.8.5
[INFO] [stderr]    Compiling ring v0.16.20
[INFO] [stderr]    Compiling onig_sys v69.8.1
[INFO] [stderr]    Compiling regex v1.7.0
[INFO] [stderr]    Compiling socket2 v0.4.7
[INFO] [stderr]    Compiling bitflags v1.3.2
[INFO] [stderr]    Compiling tracing-core v0.1.30
[INFO] [stderr]    Compiling indexmap v1.9.2
[INFO] [stderr]    Compiling lazy_static v1.4.0
[INFO] [stderr]    Compiling fst v0.4.7
[INFO] [stderr]    Compiling futures-util v0.3.25
[INFO] [stderr]    Compiling fs-err v2.9.0
[INFO] [stderr]    Compiling scopeguard v1.1.0
[INFO] [stderr]    Compiling glob v0.3.0
[INFO] [stderr]    Compiling fnv v1.0.7
[INFO] [stderr]    Compiling http v0.2.8
[INFO] [stderr]    Compiling clang-sys v1.4.0
[INFO] [stderr]    Compiling tracing v0.1.37
[INFO] [stderr]    Compiling lzma-sys v0.1.20
[INFO] [stderr]    Compiling futures-channel v0.3.25
[INFO] [stderr]    Compiling webpki v0.22.0
[INFO] [stderr]    Compiling rustls v0.20.7
[INFO] [stderr]    Compiling futures-sink v0.3.25
[INFO] [stderr]    Compiling pin-utils v0.1.0
[INFO] [stderr]    Compiling encoding_rs v0.8.31
[INFO] [stderr]    Compiling hashbrown v0.12.3
[INFO] [stderr]    Compiling httparse v1.8.0
[INFO] [stderr]    Compiling futures-io v0.3.25
[INFO] [stderr]    Compiling tinyvec_macros v0.1.0
[INFO] [stderr]    Compiling tinyvec v1.6.0
[INFO] [stderr]    Compiling tokio-util v0.7.4
[INFO] [stderr]    Compiling sct v0.7.0
[INFO] [stderr]     Checking crossbeam-deque v0.8.2
[INFO] [stderr]    Compiling crossbeam-channel v0.5.6
[INFO] [stderr]    Compiling bzip2-sys v0.1.11+1.0.8
[INFO] [stderr]    Compiling proc-macro-error-attr v1.0.4
[INFO] [stderr]    Compiling crc32fast v1.3.2
[INFO] [stderr]    Compiling try-lock v0.2.3
[INFO] [stderr]    Compiling percent-encoding v2.2.0
[INFO] [stderr]    Compiling minimal-lexical v0.2.1
[INFO] [stderr]    Compiling typenum v1.15.0
[INFO] [stderr]    Compiling form_urlencoded v1.1.0
[INFO] [stderr]    Compiling nom v7.1.1
[INFO] [stderr]    Compiling want v0.3.0
[INFO] [stderr]    Compiling h2 v0.3.15
[INFO] [stderr]    Compiling unicode-normalization v0.1.22
[INFO] [stderr]    Compiling http-body v0.4.5
[INFO] [stderr]    Compiling generic-array v0.14.6
[INFO] [stderr]    Compiling proc-macro-error v1.0.4
[INFO] [stderr]    Compiling bit-vec v0.6.3
[INFO] [stderr]    Compiling bindgen v0.61.0
[INFO] [stderr]    Compiling httpdate v1.0.2
[INFO] [stderr]    Compiling xml-rs v0.8.4
[INFO] [stderr]    Compiling adler v1.0.2
[INFO] [stderr]    Compiling unicode-bidi v0.3.8
[INFO] [stderr]    Compiling tower-service v0.3.2
[INFO] [stderr]    Compiling hyper v0.14.23
[INFO] [stderr]    Compiling idna v0.3.0
[INFO] [stderr]    Compiling miniz_oxide v0.5.4
[INFO] [stderr]    Compiling tokio-rustls v0.23.4
[INFO] [stderr]    Compiling bit-set v0.5.3
[INFO] [stderr]    Compiling cexpr v0.6.0
[INFO] [stderr]     Checking dashmap v5.4.0
[INFO] [stderr]     Checking thread_local v1.1.4
[INFO] [stderr]    Compiling memoffset v0.6.5
[INFO] [stderr]    Compiling lazycell v1.3.0
[INFO] [stderr]    Compiling shlex v1.1.0
[INFO] [stderr]    Compiling rustc-hash v1.1.0
[INFO] [stderr]    Compiling base64 v0.13.1
[INFO] [stderr]    Compiling xmlparser v0.13.5
[INFO] [stderr]    Compiling peeking_take_while v0.1.2
[INFO] [stderr]    Compiling rustls-pemfile v1.0.1
[INFO] [stderr]    Compiling roxmltree v0.14.1
[INFO] [stderr]    Compiling onig v6.4.0
[INFO] [stderr]     Checking countme v3.0.1
[INFO] [stderr]    Compiling flate2 v1.0.24
[INFO] [stderr]    Compiling bzip2 v0.4.3
[INFO] [stderr]    Compiling fancy-regex v0.5.0
[INFO] [stderr]    Compiling hyper-rustls v0.23.1
[INFO] [stderr]    Compiling url v2.3.1
[INFO] [stderr]    Compiling webpki-roots v0.22.5
[INFO] [stderr]     Checking atty v0.2.14
[INFO] [stderr]     Checking perf-event-open-sys v4.0.0
[INFO] [stderr]     Checking signal-hook-registry v1.4.0
[INFO] [stderr]    Compiling time v0.1.44
[INFO] [stderr]    Compiling dirs-sys v0.3.7
[INFO] [stderr]    Compiling heck v0.4.0
[INFO] [stderr]    Compiling io-lifetimes v1.0.1
[INFO] [stderr]     Checking os_str_bytes v6.4.1
[INFO] [stderr]     Checking text-size v1.1.0
[INFO] [stderr]    Compiling mime v0.3.16
[INFO] [stderr]    Compiling signal-hook v0.3.14
[INFO] [stderr]    Compiling ipnet v2.5.1
[INFO] [stderr]    Compiling byteorder v1.4.3
[INFO] [stderr]     Checking rustc-ap-rustc_lexer v725.0.0
[INFO] [stderr]     Checking clap_lex v0.3.0
[INFO] [stderr]     Checking perf-event v0.4.8
[INFO] [stderr]    Compiling directories v3.0.2
[INFO] [stderr]     Checking tracing-subscriber v0.3.16
[INFO] [stderr]    Compiling backtrace v0.3.66
[INFO] [stderr]     Checking always-assert v0.1.2
[INFO] [stderr]    Compiling pulldown-cmark v0.9.2
[INFO] [stderr]     Checking siphasher v0.3.10
[INFO] [stderr]     Checking drop_bomb v0.1.5
[INFO] [stderr]    Compiling rustix v0.36.3
[INFO] [stderr]     Checking ra_ap_limit v0.0.138
[INFO] [stderr]     Checking gimli v0.26.2
[INFO] [stderr]    Compiling eyre v0.6.8
[INFO] [stderr]     Checking ra_ap_la-arena v0.0.138
[INFO] [stderr]     Checking ra_ap_profile v0.0.138
[INFO] [stderr]     Checking ra_ap_parser v0.0.138
[INFO] [stderr]     Checking phf_shared v0.10.0
[INFO] [stderr]     Checking tracing-error v0.2.0
[INFO] [stderr]     Checking ra_ap_stdx v0.0.138
[INFO] [stderr]    Compiling xz2 v0.1.7
[INFO] [stderr]     Checking rowan v0.15.10
[INFO] [stderr]     Checking getopts v0.2.21
[INFO] [stderr]     Checking crypto-common v0.1.6
[INFO] [stderr]     Checking block-buffer v0.10.3
[INFO] [stderr]     Checking parking_lot v0.12.1
[INFO] [stderr]     Checking object v0.29.0
[INFO] [stderr]     Checking bstr v0.2.17
[INFO] [stderr]     Checking terminal_size v0.1.17
[INFO] [stderr]     Checking cov-mark v2.0.0-pre.1
[INFO] [stderr]     Checking linux-raw-sys v0.1.3
[INFO] [stderr]     Checking rustc-demangle v0.1.21
[INFO] [stderr]     Checking indenter v0.3.3
[INFO] [stderr]     Checking owo-colors v3.5.0
[INFO] [stderr]     Checking globset v0.4.9
[INFO] [stderr]     Checking console v0.15.2
[INFO] [stderr]     Checking addr2line v0.17.0
[INFO] [stderr]    Compiling thiserror-impl v1.0.37
[INFO] [stderr]    Compiling enum_dispatch v0.3.8
[INFO] [stderr]    Compiling derivative v2.2.0
[INFO] [stderr]    Compiling futures-macro v0.3.25
[INFO] [stderr]    Compiling clap_derive v4.0.21
[INFO] [stderr]     Checking color-spantrace v0.2.0
[INFO] [stderr]    Compiling tokio-macros v1.8.0
[INFO] [stderr]     Checking digest v0.10.6
[INFO] [stderr]     Checking signal-hook-mio v0.2.3
[INFO] [stderr]     Checking phf v0.10.1
[INFO] [stderr]     Checking fancy-regex v0.10.0
[INFO] [stderr]     Checking getrandom v0.2.8
[INFO] [stderr]     Checking env_logger v0.9.3
[INFO] [stderr]     Checking sha2 v0.10.6
[INFO] [stderr]     Checking directories v4.0.1
[INFO] [stderr]     Checking uuid v1.2.2
[INFO] [stderr]     Checking crossterm v0.25.0
[INFO] [stderr]    Compiling zip v0.5.13
[INFO] [stderr]     Checking color-eyre v0.6.2
[INFO] [stderr]     Checking fd-lock v3.0.8
[INFO] [stderr]     Checking ignore v0.4.18
[INFO] [stderr]     Checking thousands v0.2.0
[INFO] [stderr]     Checking futures-executor v0.3.25
[INFO] [stderr]     Checking futures v0.3.25
[INFO] [stderr]     Checking clap v4.0.26
[INFO] [stderr]     Checking clap-verbosity-flag v2.0.0
[INFO] [stderr]     Checking clap_complete v4.0.5
[INFO] [stderr]     Checking either v1.8.0
[INFO] [stderr]     Checking toml v0.5.9
[INFO] [stderr]     Checking smol_str v0.1.23
[INFO] [stderr]     Checking serde_regex v1.1.0
[INFO] [stderr]     Checking bimap v0.6.2
[INFO] [stderr]     Checking half v1.8.2
[INFO] [stderr]     Checking bincode v1.3.3
[INFO] [stderr]     Checking srx v0.1.3
[INFO] [stderr]     Checking isolang v2.2.0
[INFO] [stderr]     Checking rayon v1.6.0
[INFO] [stderr]     Checking itertools v0.10.5
[INFO] [stderr]     Checking itertools v0.8.2
[INFO] [stderr]     Checking iso_country v0.1.4
[INFO] [stderr]    Compiling serde-xml-rs v0.4.1
[INFO] [stderr]    Compiling which v4.3.0
[INFO] [stderr]    Compiling serde_urlencoded v0.7.1
[INFO] [stderr]    Compiling reqwest v0.11.13
[INFO] [stderr]    Compiling rayon-cond v0.1.0
[INFO] [stderr]     Checking ra_ap_text_edit v0.0.138
[INFO] [stderr]     Checking ra_ap_syntax v0.0.138
[INFO] [stderr]     Checking cargo_toml v0.13.0
[INFO] [stderr]    Compiling nlprule v0.6.4
[INFO] [stderr]     Checking doc-chunks v0.0.5
[INFO] [stderr]    Compiling nlprule-build v0.6.4
[INFO] [stderr]    Compiling hunspell-sys v0.3.1
[INFO] [stderr]    Compiling cargo-spellcheck v0.12.3 (/opt/rustwide/workdir)
[INFO] [stderr]     Checking hunspell-rs v0.4.0
[INFO] [stdout] error: couldn't read src/action/../../demo/src/main.rs: No such file or directory (os error 2)
[INFO] [stdout]    --> src/action/bandaid.rs:107:28
[INFO] [stdout]     |
[INFO] [stdout] 107 |         const TEST: &str = include_str!("../../demo/src/main.rs");
[INFO] [stdout]     |                            ^^^^^^^^^^^^^^^^^^^^^^^^^^^^^^^^^^^^^^
[INFO] [stdout]     |
[INFO] [stdout]     = note: this error originates in the macro `include_str` (in Nightly builds, run with -Z macro-backtrace for more info)
[INFO] [stdout] 
[INFO] [stdout] 
[INFO] [stdout] error: couldn't read src/action/../../demo/src/lib.rs: No such file or directory (os error 2)
[INFO] [stdout]    --> src/action/bandaid.rs:165:28
[INFO] [stdout]     |
[INFO] [stdout] 165 |         const TEST: &str = include_str!("../../demo/src/lib.rs");
[INFO] [stdout]     |                            ^^^^^^^^^^^^^^^^^^^^^^^^^^^^^^^^^^^^^
[INFO] [stdout]     |
[INFO] [stdout]     = note: this error originates in the macro `include_str` (in Nightly builds, run with -Z macro-backtrace for more info)
[INFO] [stdout] 
[INFO] [stdout] 
[INFO] [stdout] error: couldn't read src/traverse/../../demo/Cargo.toml: No such file or directory (os error 2)
[INFO] [stdout]    --> src/traverse/mod.rs:645:32
[INFO] [stdout]     |
[INFO] [stdout] 645 |         let manifest_content = include_str!("../../demo/Cargo.toml").to_owned();
[INFO] [stdout]     |                                ^^^^^^^^^^^^^^^^^^^^^^^^^^^^^^^^^^^^^
[INFO] [stdout]     |
[INFO] [stdout]     = note: this error originates in the macro `include_str` (in Nightly builds, run with -Z macro-backtrace for more info)
[INFO] [stdout] 
[INFO] [stdout] 
[INFO] [stdout] error: couldn't read /opt/rustwide/workdir/demo/src/nested/justone.rs: No such file or directory (os error 2)
[INFO] [stdout]    --> src/tests.rs:117:13
[INFO] [stdout]     |
[INFO] [stdout] 117 |             include_str!(concat!(env!("CARGO_MANIFEST_DIR"), "/", $path)),
[INFO] [stdout]     |             ^^^^^^^^^^^^^^^^^^^^^^^^^^^^^^^^^^^^^^^^^^^^^^^^^^^^^^^^^^^^^
[INFO] [stdout] ...
[INFO] [stdout] 290 |         end2end_file_rust!("demo/src/nested/justone.rs", 2);
[INFO] [stdout]     |         --------------------------------------------------- in this macro invocation
[INFO] [stdout]     |
[INFO] [stdout]     = note: this error originates in the macro `include_str` which comes from the expansion of the macro `end2end_file_rust` (in Nightly builds, run with -Z macro-backtrace for more info)
[INFO] [stdout] 
[INFO] [stdout] 
[INFO] [stdout] error: couldn't read /opt/rustwide/workdir/demo/src/nested/justtwo.rs: No such file or directory (os error 2)
[INFO] [stdout]    --> src/tests.rs:117:13
[INFO] [stdout]     |
[INFO] [stdout] 117 |             include_str!(concat!(env!("CARGO_MANIFEST_DIR"), "/", $path)),
[INFO] [stdout]     |             ^^^^^^^^^^^^^^^^^^^^^^^^^^^^^^^^^^^^^^^^^^^^^^^^^^^^^^^^^^^^^
[INFO] [stdout] ...
[INFO] [stdout] 295 |         end2end_file_rust!("demo/src/nested/justtwo.rs", 2);
[INFO] [stdout]     |         --------------------------------------------------- in this macro invocation
[INFO] [stdout]     |
[INFO] [stdout]     = note: this error originates in the macro `include_str` which comes from the expansion of the macro `end2end_file_rust` (in Nightly builds, run with -Z macro-backtrace for more info)
[INFO] [stdout] 
[INFO] [stdout] 
[INFO] [stdout] error[E0432]: unresolved import `assert_matches`
[INFO] [stdout]    --> src/config/args.rs:704:9
[INFO] [stdout]     |
[INFO] [stdout] 704 |     use assert_matches::assert_matches;
[INFO] [stdout]     |         ^^^^^^^^^^^^^^ help: a similar path exists: `std::assert_matches`
[INFO] [stdout] 
[INFO] [stdout] 
[INFO] [stdout] error[E0432]: unresolved import `assert_matches`
[INFO] [stdout]    --> src/config/iso.rs:135:9
[INFO] [stdout]     |
[INFO] [stdout] 135 |     use assert_matches::assert_matches;
[INFO] [stdout]     |         ^^^^^^^^^^^^^^ help: a similar path exists: `std::assert_matches`
[INFO] [stdout] 
[INFO] [stdout] 
[INFO] [stdout] error[E0432]: unresolved import `assert_matches`
[INFO] [stdout]    --> src/config/mod.rs:263:9
[INFO] [stdout]     |
[INFO] [stdout] 263 |     use assert_matches::assert_matches;
[INFO] [stdout]     |         ^^^^^^^^^^^^^^ help: a similar path exists: `std::assert_matches`
[INFO] [stdout] 
[INFO] [stdout] 
[INFO] [stdout] error[E0433]: failed to resolve: use of undeclared crate or module `maplit`
[INFO] [stdout]    --> src/traverse/mod.rs:614:13
[INFO] [stdout]     |
[INFO] [stdout] 614 |             maplit::hashset![
[INFO] [stdout]     |             ^^^^^^ use of undeclared crate or module `maplit`
[INFO] [stdout] 
[INFO] [stdout] 
[INFO] [stdout] error[E0433]: failed to resolve: use of undeclared crate or module `assert_matches`
[INFO] [stdout]    --> src/reflow/tests.rs:187:13
[INFO] [stdout]     |
[INFO] [stdout] 187 |               assert_matches::assert_matches!(patch, crate::Patch::Replace {
[INFO] [stdout]     |               ^^^^^^^^^^^^^^ use of undeclared crate or module `assert_matches`
[INFO] [stdout] ...
[INFO] [stdout] 716 | /     reflow_content!(40usize break ContentOrigin::TestEntityRust, INPUT
[INFO] [stdout] 717 | |     => patches [
[INFO] [stdout] 718 | |         "cargo spellcheck can be\r\n        /// configured with `-m <code>`\r\n        /// to return a non-zero return\r\n        /// code."
[INFO] [stdout] 719 | |     ]);
[INFO] [stdout]     | |______- in this macro invocation
[INFO] [stdout]     |
[INFO] [stdout]     = note: this error originates in the macro `reflow_content` (in Nightly builds, run with -Z macro-backtrace for more info)
[INFO] [stdout] 
[INFO] [stdout] 
[INFO] [stdout] error[E0433]: failed to resolve: use of undeclared crate or module `assert_matches`
[INFO] [stdout]    --> src/reflow/tests.rs:187:13
[INFO] [stdout]     |
[INFO] [stdout] 187 |               assert_matches::assert_matches!(patch, crate::Patch::Replace {
[INFO] [stdout]     |               ^^^^^^^^^^^^^^ use of undeclared crate or module `assert_matches`
[INFO] [stdout] ...
[INFO] [stdout] 672 | /     reflow_content!(30usize break ContentOrigin::TestEntityCommonMark, MINIFIED_README
[INFO] [stdout] 673 | |     => patches [
[INFO] [stdout] 674 | | r##"`cargo spellcheck` can be
[INFO] [stdout] 675 | | configured with `-m <code>` to
[INFO] [stdout] ...   |
[INFO] [stdout] 679 | | "##
[INFO] [stdout] 680 | |     ]);
[INFO] [stdout]     | |______- in this macro invocation
[INFO] [stdout]     |
[INFO] [stdout]     = note: this error originates in the macro `reflow_content` (in Nightly builds, run with -Z macro-backtrace for more info)
[INFO] [stdout] 
[INFO] [stdout] 
[INFO] [stdout] error[E0433]: failed to resolve: use of undeclared crate or module `assert_matches`
[INFO] [stdout]    --> src/reflow/tests.rs:187:13
[INFO] [stdout]     |
[INFO] [stdout] 187 |               assert_matches::assert_matches!(patch, crate::Patch::Replace {
[INFO] [stdout]     |               ^^^^^^^^^^^^^^ use of undeclared crate or module `assert_matches`
[INFO] [stdout] ...
[INFO] [stdout] 633 | /     reflow_content!(20usize break ContentOrigin::TestEntityCommonMark,
[INFO] [stdout] 634 | |         r######"
[INFO] [stdout] 635 | | # 🔒😑
[INFO] [stdout] 636 | |
[INFO] [stdout] ...   |
[INFO] [stdout] 647 | | 🐡.
[INFO] [stdout] 648 | | "# ] );
[INFO] [stdout]     | |______- in this macro invocation
[INFO] [stdout]     |
[INFO] [stdout]     = note: this error originates in the macro `reflow_content` (in Nightly builds, run with -Z macro-backtrace for more info)
[INFO] [stdout] 
[INFO] [stdout] 
[INFO] [stdout] error[E0433]: failed to resolve: use of undeclared crate or module `assert_matches`
[INFO] [stdout]    --> src/reflow/tests.rs:187:13
[INFO] [stdout]     |
[INFO] [stdout] 187 |               assert_matches::assert_matches!(patch, crate::Patch::Replace {
[INFO] [stdout]     |               ^^^^^^^^^^^^^^ use of undeclared crate or module `assert_matches`
[INFO] [stdout] ...
[INFO] [stdout] 472 | /     reflow_chyrp!(40 break ["One line which is quite long and needs to be reflown in another line."]
[INFO] [stdout] 473 | |         => r##"One line which is quite long"#]
[INFO] [stdout] 474 | | #[doc=r#"and needs to be reflown in"#]
[INFO] [stdout] 475 | | #[doc=r#"another line."##);
[INFO] [stdout]     | |__________________________- in this macro invocation
[INFO] [stdout]     |
[INFO] [stdout]     = note: this error originates in the macro `reflow_content` which comes from the expansion of the macro `reflow_chyrp` (in Nightly builds, run with -Z macro-backtrace for more info)
[INFO] [stdout] 
[INFO] [stdout] 
[INFO] [stdout] error[E0433]: failed to resolve: use of undeclared crate or module `assert_matches`
[INFO] [stdout]    --> src/reflow/tests.rs:187:13
[INFO] [stdout]     |
[INFO] [stdout] 187 |               assert_matches::assert_matches!(patch, crate::Patch::Replace {
[INFO] [stdout]     |               ^^^^^^^^^^^^^^ use of undeclared crate or module `assert_matches`
[INFO] [stdout] ...
[INFO] [stdout] 465 | /     reflow_chyrp!(28 break ["First line", "     Second line", "         third line"]
[INFO] [stdout] 466 | |         => r##"First line Second"#]
[INFO] [stdout] 467 | | #[doc=r#"line third line"##);
[INFO] [stdout]     | |____________________________- in this macro invocation
[INFO] [stdout]     |
[INFO] [stdout]     = note: this error originates in the macro `reflow_content` which comes from the expansion of the macro `reflow_chyrp` (in Nightly builds, run with -Z macro-backtrace for more info)
[INFO] [stdout] 
[INFO] [stdout] 
[INFO] [stdout] error[E0433]: failed to resolve: use of undeclared crate or module `assert_matches`
[INFO] [stdout]    --> src/reflow/tests.rs:187:13
[INFO] [stdout]     |
[INFO] [stdout] 187 |             assert_matches::assert_matches!(patch, crate::Patch::Replace {
[INFO] [stdout]     |             ^^^^^^^^^^^^^^ use of undeclared crate or module `assert_matches`
[INFO] [stdout] ...
[INFO] [stdout] 460 |     reflow_chyrp!(40 break ["a", "b", "c"] => r#"a b c"#);
[INFO] [stdout]     |     ----------------------------------------------------- in this macro invocation
[INFO] [stdout]     |
[INFO] [stdout]     = note: this error originates in the macro `reflow_content` which comes from the expansion of the macro `reflow_chyrp` (in Nightly builds, run with -Z macro-backtrace for more info)
[INFO] [stdout] 
[INFO] [stdout] 
[INFO] [stdout] error[E0433]: failed to resolve: use of undeclared crate or module `assert_matches`
[INFO] [stdout]    --> src/reflow/tests.rs:187:13
[INFO] [stdout]     |
[INFO] [stdout] 187 |               assert_matches::assert_matches!(patch, crate::Patch::Replace {
[INFO] [stdout]     |               ^^^^^^^^^^^^^^ use of undeclared crate or module `assert_matches`
[INFO] [stdout] ...
[INFO] [stdout] 373 | /     reflow_fluff!(9 break ["A 🌴xX 🍉yY 🍈zZ"]
[INFO] [stdout] 374 | |             => "A 🌴xX\n/// 🍉yY\n/// 🍈zZ");
[INFO] [stdout]     | |____________________________________________- in this macro invocation
[INFO] [stdout]     |
[INFO] [stdout]     = note: this error originates in the macro `reflow_content` which comes from the expansion of the macro `reflow_fluff` (in Nightly builds, run with -Z macro-backtrace for more info)
[INFO] [stdout] 
[INFO] [stdout] 
[INFO] [stdout] error[E0433]: failed to resolve: use of undeclared crate or module `assert_matches`
[INFO] [stdout]    --> src/reflow/tests.rs:187:13
[INFO] [stdout]     |
[INFO] [stdout] 187 |               assert_matches::assert_matches!(patch, crate::Patch::Replace {
[INFO] [stdout]     |               ^^^^^^^^^^^^^^ use of undeclared crate or module `assert_matches`
[INFO] [stdout] ...
[INFO] [stdout] 367 | /     reflow_fluff!(20 break ["A 🚤>", "<To 🌴/🍉&🍈"]
[INFO] [stdout] 368 | |             => "A 🚤> <To 🌴/🍉&🍈");
[INFO] [stdout]     | |____________________________________- in this macro invocation
[INFO] [stdout]     |
[INFO] [stdout]     = note: this error originates in the macro `reflow_content` which comes from the expansion of the macro `reflow_fluff` (in Nightly builds, run with -Z macro-backtrace for more info)
[INFO] [stdout] 
[INFO] [stdout] 
[INFO] [stdout] error[E0433]: failed to resolve: use of undeclared crate or module `assert_matches`
[INFO] [stdout]    --> src/reflow/tests.rs:187:13
[INFO] [stdout]     |
[INFO] [stdout] 187 |               assert_matches::assert_matches!(patch, crate::Patch::Replace {
[INFO] [stdout]     |               ^^^^^^^^^^^^^^ use of undeclared crate or module `assert_matches`
[INFO] [stdout] ...
[INFO] [stdout] 352 | /     reflow_fluff!(60 break ["Possible **ways** to run __rustc__ and request various parts of LTO.",
[INFO] [stdout] 353 | |                         " `markdown` syntax which leads to __unbreakables__?  With emojis: 🚤w🌴x🌋y🍈z🍉0."] =>
[INFO] [stdout] 354 | |         r#"Possible **ways** to run __rustc__ and request various
[INFO] [stdout] 355 | | /// parts of LTO. `markdown` syntax which leads to
[INFO] [stdout] 356 | | /// __unbreakables__? With emojis: 🚤w🌴x🌋y🍈z🍉0."#);
[INFO] [stdout]     | |______________________________________________________- in this macro invocation
[INFO] [stdout]     |
[INFO] [stdout]     = note: this error originates in the macro `reflow_content` which comes from the expansion of the macro `reflow_fluff` (in Nightly builds, run with -Z macro-backtrace for more info)
[INFO] [stdout] 
[INFO] [stdout] 
[INFO] [stdout] error[E0433]: failed to resolve: use of undeclared crate or module `assert_matches`
[INFO] [stdout]    --> src/reflow/tests.rs:187:13
[INFO] [stdout]     |
[INFO] [stdout] 187 |               assert_matches::assert_matches!(patch, crate::Patch::Replace {
[INFO] [stdout]     |               ^^^^^^^^^^^^^^ use of undeclared crate or module `assert_matches`
[INFO] [stdout] ...
[INFO] [stdout] 263 | /     reflow_fluff!(43 break ["This module contains documentation that is broken",
[INFO] [stdout] 264 | |                         "into multiple short lines resulting in multiple spans."] =>
[INFO] [stdout] 265 | |             r#"This module contains documentation that
[INFO] [stdout] 266 | | /// is broken into multiple short lines
[INFO] [stdout] 267 | | /// resulting in multiple spans."#);
[INFO] [stdout]     | |___________________________________- in this macro invocation
[INFO] [stdout]     |
[INFO] [stdout]     = note: this error originates in the macro `reflow_content` which comes from the expansion of the macro `reflow_fluff` (in Nightly builds, run with -Z macro-backtrace for more info)
[INFO] [stdout] 
[INFO] [stdout] 
[INFO] [stdout] error[E0433]: failed to resolve: use of undeclared crate or module `assert_matches`
[INFO] [stdout]    --> src/reflow/tests.rs:187:13
[INFO] [stdout]     |
[INFO] [stdout] 187 |               assert_matches::assert_matches!(patch, crate::Patch::Replace {
[INFO] [stdout]     |               ^^^^^^^^^^^^^^ use of undeclared crate or module `assert_matches`
[INFO] [stdout] ...
[INFO] [stdout] 235 | /     reflow_fluff!(45 break ["This module contains documentation thats \
[INFO] [stdout] 236 | | is too long for one line and moreover, \
[INFO] [stdout] 237 | | it spans over mulitple lines such that \
[INFO] [stdout] 238 | | we can test our rewrapping algorithm. \
[INFO] [stdout] ...   |
[INFO] [stdout] 252 | | /// two consecutive newlines in one connected
[INFO] [stdout] 253 | | /// documentation span."#);
[INFO] [stdout]     | |__________________________- in this macro invocation
[INFO] [stdout]     |
[INFO] [stdout]     = note: this error originates in the macro `reflow_content` which comes from the expansion of the macro `reflow_fluff` (in Nightly builds, run with -Z macro-backtrace for more info)
[INFO] [stdout] 
[INFO] [stdout] 
[INFO] [stdout] error[E0433]: failed to resolve: use of undeclared crate or module `maplit`
[INFO] [stdout]    --> src/config/args.rs:711:79
[INFO] [stdout]     |
[INFO] [stdout] 711 |         static ref SAMPLES: std::collections::HashMap<&'static str, Action> = maplit::hashmap!{
[INFO] [stdout]     |                                                                               ^^^^^^ use of undeclared crate or module `maplit`
[INFO] [stdout] 
[INFO] [stdout] 
[INFO] [stdout] error[E0433]: failed to resolve: use of undeclared crate or module `assert_matches`
[INFO] [stdout]    --> src/traverse/mod.rs:646:9
[INFO] [stdout]     |
[INFO] [stdout] 646 |         assert_matches::assert_matches!(
[INFO] [stdout]     |         ^^^^^^^^^^^^^^ use of undeclared crate or module `assert_matches`
[INFO] [stdout] 
[INFO] [stdout] 
[INFO] [stdout] error[E0433]: failed to resolve: use of undeclared crate or module `maplit`
[INFO] [stdout]    --> src/traverse/mod.rs:635:13
[INFO] [stdout]     |
[INFO] [stdout] 635 |             maplit::hashset![
[INFO] [stdout]     |             ^^^^^^ use of undeclared crate or module `maplit`
[INFO] [stdout] 
[INFO] [stdout] 
[INFO] [stdout] error: cannot determine resolution for the macro `assert_matches`
[INFO] [stdout]    --> src/config/mod.rs:268:9
[INFO] [stdout]     |
[INFO] [stdout] 268 |         assert_matches!(config.to_toml(), Ok(_s));
[INFO] [stdout]     |         ^^^^^^^^^^^^^^
[INFO] [stdout]     |
[INFO] [stdout]     = note: import resolution is stuck, try simplifying macro imports
[INFO] [stdout] 
[INFO] [stdout] 
[INFO] [stdout] error: cannot determine resolution for the macro `assert_matches`
[INFO] [stdout]    --> src/config/iso.rs:147:9
[INFO] [stdout]     |
[INFO] [stdout] 147 |         assert_matches!(serde_plain::from_str::<Lang5>(S), Ok(x) => assert_eq!(EXPECTED, x));
[INFO] [stdout]     |         ^^^^^^^^^^^^^^
[INFO] [stdout]     |
[INFO] [stdout]     = note: import resolution is stuck, try simplifying macro imports
[INFO] [stdout] 
[INFO] [stdout] 
[INFO] [stdout] error: cannot determine resolution for the macro `assert_matches`
[INFO] [stdout]    --> src/config/args.rs:849:9
[INFO] [stdout]     |
[INFO] [stdout] 849 |         assert_matches!(Args::parse(commandline_to_iter(C2)), Ok(Args {
[INFO] [stdout]     |         ^^^^^^^^^^^^^^
[INFO] [stdout]     |
[INFO] [stdout]     = note: import resolution is stuck, try simplifying macro imports
[INFO] [stdout] 
[INFO] [stdout] 
[INFO] [stdout] error: cannot determine resolution for the macro `assert_matches`
[INFO] [stdout]    --> src/config/args.rs:836:9
[INFO] [stdout]     |
[INFO] [stdout] 836 |         assert_matches!(Args::parse(commandline_to_iter(C1)), Ok(Args {
[INFO] [stdout]     |         ^^^^^^^^^^^^^^
[INFO] [stdout]     |
[INFO] [stdout]     = note: import resolution is stuck, try simplifying macro imports
[INFO] [stdout] 
[INFO] [stdout] 
[INFO] [stdout] error: cannot determine resolution for the macro `assert_matches`
[INFO] [stdout]    --> src/config/args.rs:833:9
[INFO] [stdout]     |
[INFO] [stdout] 833 |         assert_matches!(load_shell_name("fish"), Ok(Shell::Fish));
[INFO] [stdout]     |         ^^^^^^^^^^^^^^
[INFO] [stdout]     |
[INFO] [stdout]     = note: import resolution is stuck, try simplifying macro imports
[INFO] [stdout] 
[INFO] [stdout] 
[INFO] [stdout] error: cannot determine resolution for the macro `assert_matches`
[INFO] [stdout]    --> src/config/args.rs:832:9
[INFO] [stdout]     |
[INFO] [stdout] 832 |         assert_matches!(load_shell_name("zsh"), Ok(Shell::Zsh));
[INFO] [stdout]     |         ^^^^^^^^^^^^^^
[INFO] [stdout]     |
[INFO] [stdout]     = note: import resolution is stuck, try simplifying macro imports
[INFO] [stdout] 
[INFO] [stdout] 
[INFO] [stdout] error: cannot determine resolution for the macro `assert_matches`
[INFO] [stdout]    --> src/config/args.rs:831:9
[INFO] [stdout]     |
[INFO] [stdout] 831 |         assert_matches!(load_shell_name("/usr/bin/zsh"), Ok(Shell::Zsh));
[INFO] [stdout]     |         ^^^^^^^^^^^^^^
[INFO] [stdout]     |
[INFO] [stdout]     = note: import resolution is stuck, try simplifying macro imports
[INFO] [stdout] 
[INFO] [stdout] 
[INFO] [stdout] error: cannot determine resolution for the macro `assert_matches`
[INFO] [stdout]    --> src/config/args.rs:817:9
[INFO] [stdout]     |
[INFO] [stdout] 817 |         assert_matches!(dbg!(unified),
[INFO] [stdout]     |         ^^^^^^^^^^^^^^
[INFO] [stdout]     |
[INFO] [stdout]     = note: import resolution is stuck, try simplifying macro imports
[INFO] [stdout] 
[INFO] [stdout] 
[INFO] [stdout] error: cannot determine resolution for the macro `assert_matches`
[INFO] [stdout]    --> src/config/args.rs:780:9
[INFO] [stdout]     |
[INFO] [stdout] 780 |         assert_matches!(unified,
[INFO] [stdout]     |         ^^^^^^^^^^^^^^
[INFO] [stdout]     |
[INFO] [stdout]     = note: import resolution is stuck, try simplifying macro imports
[INFO] [stdout] 
[INFO] [stdout] 
[INFO] [stdout] error: cannot determine resolution for the macro `assert_matches`
[INFO] [stdout]    --> src/config/args.rs:746:13
[INFO] [stdout]     |
[INFO] [stdout] 746 |             assert_matches!(Args::parse(commandline_to_iter(command)), Ok(_));
[INFO] [stdout]     |             ^^^^^^^^^^^^^^
[INFO] [stdout]     |
[INFO] [stdout]     = note: import resolution is stuck, try simplifying macro imports
[INFO] [stdout] 
[INFO] [stdout] 
[INFO] [stdout] warning: private item shadows public glob re-export
[INFO] [stdout]   --> src/lib.rs:40:26
[INFO] [stdout]    |
[INFO] [stdout] 36 | pub use self::documentation::*;
[INFO] [stdout]    |         ---------------------- the name `Result` in the type namespace is supposed to be publicly re-exported here
[INFO] [stdout] ...
[INFO] [stdout] 40 | use self::errors::{bail, Result};
[INFO] [stdout]    |                          ^^^^^^ but the private item here shadows it
[INFO] [stdout]    |
[INFO] [stdout]    = note: `#[warn(hidden_glob_reexports)]` on by default
[INFO] [stdout] 
[INFO] [stdout] 
[INFO] [stdout] warning: private item shadows public glob re-export
[INFO] [stdout]   --> src/lib.rs:20:29
[INFO] [stdout]    |
[INFO] [stdout] 20 | pub(crate) use doc_chunks::{chyrp_up, fluff_up};
[INFO] [stdout]    |                             ^^^^^^^^ but the private item here shadows it
[INFO] [stdout] ...
[INFO] [stdout] 36 | pub use self::documentation::*;
[INFO] [stdout]    |         ---------------------- the name `chyrp_up` in the macro namespace is supposed to be publicly re-exported here
[INFO] [stdout]    |
[INFO] [stdout]    = note: `#[warn(hidden_glob_reexports)]` on by default
[INFO] [stdout] 
[INFO] [stdout] 
[INFO] [stdout] warning: private item shadows public glob re-export
[INFO] [stdout]   --> src/lib.rs:20:39
[INFO] [stdout]    |
[INFO] [stdout] 20 | pub(crate) use doc_chunks::{chyrp_up, fluff_up};
[INFO] [stdout]    |                                       ^^^^^^^^ but the private item here shadows it
[INFO] [stdout] ...
[INFO] [stdout] 36 | pub use self::documentation::*;
[INFO] [stdout]    |         ---------------------- the name `fluff_up` in the macro namespace is supposed to be publicly re-exported here
[INFO] [stdout] 
[INFO] [stdout] 
[INFO] [stdout] warning: private item shadows public glob re-export
[INFO] [stdout]   --> src/lib.rs:40:26
[INFO] [stdout]    |
[INFO] [stdout] 36 | pub use self::documentation::*;
[INFO] [stdout]    |         ---------------------- the name `Result` in the type namespace is supposed to be publicly re-exported here
[INFO] [stdout] ...
[INFO] [stdout] 40 | use self::errors::{bail, Result};
[INFO] [stdout]    |                          ^^^^^^ but the private item here shadows it
[INFO] [stdout] 
[INFO] [stdout] 
[INFO] [stdout] warning: private item shadows public glob re-export
[INFO] [stdout]    --> src/lib.rs:169:1
[INFO] [stdout]     |
[INFO] [stdout] 36  | pub use self::documentation::*;
[INFO] [stdout]     |         ---------------------- the name `tests` in the type namespace is supposed to be publicly re-exported here
[INFO] [stdout] ...
[INFO] [stdout] 169 | mod tests;
[INFO] [stdout]     | ^^^^^^^^^^ but the private item here shadows it
[INFO] [stdout] 
[INFO] [stdout] 
[INFO] [stdout] error: aborting due to 33 previous errors; 4 warnings emitted
[INFO] [stdout] 
[INFO] [stdout] 
[INFO] [stdout] Some errors have detailed explanations: E0432, E0433.
[INFO] [stdout] 
[INFO] [stdout] For more information about an error, try `rustc --explain E0432`.
[INFO] [stdout] 
[INFO] [stderr] error: could not compile `cargo-spellcheck` (lib test) due to 34 previous errors; 4 warnings emitted
[INFO] [stderr] warning: build failed, waiting for other jobs to finish...
[INFO] [stdout] warning: 1 warning emitted
[INFO] [stdout] 
[INFO] [stdout] 
[INFO] running `Command { std: "docker" "inspect" "b081b414a877f0bc69464087744a7e3b5dd0359d59bb2c63e9e58e4eb3408c5d", kill_on_drop: false }`
[INFO] running `Command { std: "docker" "rm" "-f" "b081b414a877f0bc69464087744a7e3b5dd0359d59bb2c63e9e58e4eb3408c5d", kill_on_drop: false }`
[INFO] [stdout] b081b414a877f0bc69464087744a7e3b5dd0359d59bb2c63e9e58e4eb3408c5d
